tor of w and 23.
23
Let j = 40 - 38. Suppose 5*g - 6 = j*g. Calculate the highest common divisor of g and 16.
2
Suppose 5*k = 3*q - 87, -3*k - 6 - 3 = 0. Suppose 0*i - q = -3*i. Let g(s) = 2*s - 4. Let h be g(i). Calculate the highest common divisor of h and 6.
6
Let b = 2242 + -1189. What is the highest common divisor of b and 117?
117
Suppose -22*k + 2228 = -1138. Suppose 4*r - 1 = 67. Calculate the greatest common factor of k and r.
17
Suppose 3*d + 1706 = 5*l + 13, -5*d + 361 = l. Calculate the highest common factor of 11 and l.
11
Let i = 30 - 6. Let h = -83 - -155. What is the greatest common divisor of h and i?
24
Let a = -242 + 258. Calculate the greatest common factor of a and 2.
2
Let m(s) = -s**3 + 6*s**2 + 5*s - 24. Let o be m(7). Let a be ((-34)/4)/(1 - o/(-36)). What is the highest common factor of 17 and a?
17
Let m(i) = 5*i**2 + i + 2. Let p be m(-6). Suppose 12*v + 90 = 9*v. Let q be (-654)/v - (-2)/10. What is the greatest common divisor of q and p?
22
Suppose -24 = 3*p - 3*t, 0 = -3*p - 2*t - t - 36. Let l be 5/(p/(-22)) + 4. Let j = 7 + -4. What is the highest common factor of j and l?
3
Let u be (-3 + (-84)/(-16))*4. Suppose 5*c - u*c + 72 = 0. Suppose -5*t + 2 = -c. Calculate the highest common factor of t and 32.
4
Let j(x) = -x - 7. Let b be j(-7). Suppose b + 4 = 2*d. Let c be d*(4 + (2 - 4)). Calculate the highest common divisor of 2 and c.
2
Let m be 4 + -1 + (3 + -3 - -3). Suppose 2*c - 39 = -t, 5*t + 4*c - 171 = -0*c. Let l = t + -13. Calculate the greatest common factor of m and l.
6
Suppose 0 = -4*r - 5*b + 1707, 3*b + 1904 - 644 = 3*r. Calculate the highest common factor of r and 47.
47
Suppose -6*k + 43 + 65 = 0. What is the highest common divisor of k and 102?
6
Let u be (-51)/(-7) + -7 - (-220)/14. Calculate the greatest common divisor of u and 1936.
16
Suppose -2*p + 6*p = 8. Let y(c) = c**3 + 3*c**2 - 2*c + 2. Let g be y(p). Calculate the highest common factor of 18 and g.
18
Let q(v) = 8*v + 254. Let s be q(-30). Let k be (-1)/4 - (-75)/12. What is the greatest common factor of k and s?
2
Suppose -57*w + 50*w + 126 = 0. Let s = 124 + 74. What is the greatest common divisor of w and s?
18
Let p be 3 - 0 - (0 + 3). Suppose -3*n + 555 = -5*v, -2*v = -2*n - p*v + 366. What is the greatest common divisor of n and 30?
30
Let b = 1501 + -1465. Calculate the greatest common factor of b and 288.
36
Let i be ((-35)/(-4))/((-1)/(-4)). Suppose -48*n - 315 = -49*n. Calculate the greatest common factor of n and i.
35
Let y be -117 - -118 - (0 - 33). What is the highest common factor of 986 and y?
34
Suppose -7*c + 15*c = 448. What is the highest common divisor of 32 and c?
8
Suppose 0 = -3*z - 0*i - 3*i + 39, 5*z - 77 = i. Calculate the greatest common divisor of 135 and z.
15
Suppose 3*a - 275 = 355. Let f = 285 - 255. What is the greatest common divisor of f and a?
30
Suppose -5*s - 5*j = -5, 2*j - 4 = -5*s + 1. Suppose -l = -19 + s. Suppose l - 4 = k. What is the greatest common factor of k and 126?
14
Suppose 0 = 4*j - 5*z - 352, 352 = 4*j + 2*z - 5*z. Let p(n) = -n**2 - 7*n + 1. Let g be p(-4). Let v = g - 2. What is the greatest common divisor of j and v?
11
Suppose 4*d - 23 - 5 = 0. Suppose -g + 2*o = -20, 8 = d*o - 3*o. Calculate the highest common factor of g and 24.
24
Suppose 21*w - 23*w + 1430 = 0. Suppose 695 = 5*n + 5*r, 0 = n + 4*n + r - w. Calculate the greatest common factor of n and 18.
18
Let g(b) = b**2 - 31*b + 45. Suppose -205 + 50 = -5*j. Let o be g(j). What is the greatest common factor of o and 315?
45
Let g(p) = p. Let c be g(-7). Suppose -6*n + 12 = -5*n. Let h = c + n. Calculate the highest common divisor of 55 and h.
5
Let s be 6/8 - (-99)/12. Let j be s + (-12)/(-4)*-1. Let d(o) = 12*o. Let m be d(j). What is the highest common factor of 8 and m?
8
Let s = 222 + -174. Let w(x) = -x**2 - 5*x - 2. Let a be w(-4). Suppose a*l = 21 + 11. Calculate the greatest common divisor of l and s.
16
Let r(m) = -m**3 + m + 90. Let k be r(0). Let c be (-244)/24 + (-1)/6*-1. Let z be ((-12)/c - 1) + 1157/65. What is the highest common divisor of z and k?
18
Suppose -5*l + 16 = 3*u, 0*u = -4*l - 3*u + 14. Suppose -4*h + h = 3*d - 327, 4*d = l*h + 430. Calculate the highest common factor of d and 36.
36
Let u be 18/(-42) - (-933)/21. Calculate the highest common factor of 154 and u.
22
Let u = 4 + 3. Let d be (-248)/6*(-9)/(-6). Let r = -13 - d. What is the greatest common divisor of u and r?
7
Let x be (-17)/(-2)*(-4 + 6). Suppose 0 = 4*z - 2*z + 24. Let s = z + 46. Calculate the highest common factor of x and s.
17
Suppose -21*o - 18*o + 1872 = 0. Calculate the greatest common factor of 552 and o.
24
Suppose 3*x + 13*u = 14*u + 37, 0 = -4*u - 4. Calculate the greatest common factor of 1788 and x.
12
Let q be (-2)/(-4)*36 + 56/28. Let k(u) = 11*u**2 + 1. Let j be k(1). Calculate the highest common divisor of q and j.
4
Let j(i) = -4 + 4*i**2 - 5*i**2 + 0*i**2 + 4*i. Let n be j(4). Let g be (-1)/(42/(-10) - n). What is the greatest common divisor of 35 and g?
5
Let o(g) = g**3 - 3*g**2 + g + 3. Let p be o(1). Calculate the highest common divisor of 26 and p.
2
Let s(y) = y**2 - 7*y + 4. Let m be s(7). Suppose 4*l - n - 141 = 0, 3*l - n = 27 + 78. What is the highest common divisor of l and m?
4
Let s = -349 + 384. Calculate the highest common divisor of s and 140.
35
Let n = -357 - -443. What is the highest common factor of n and 387?
43
Let s be 2/4*-10*(-2 - 53). Let x be -3 + ((-27)/(-1) - -1). What is the greatest common factor of s and x?
25
Let l = -1 - 0. Let s be -1 - ((1 - l) + -7). Let t be (8 + -38)*(-6)/5. Calculate the greatest common factor of s and t.
4
Suppose 0 = m - 0*m + 3*y - 5, 2*m + y = -10. Let c(q) = q**2 + 3*q - 14. Let j be c(m). What is the greatest common factor of 70 and j?
14
Suppose -45*i - 570 = -49*i - 5*c, -3*i + 444 = c. Let n be (-1 - 0)/(2/(-128)). Let m = -34 + n. What is the greatest common factor of i and m?
30
Let l = 222 + -162. What is the greatest common divisor of 210 and l?
30
Let h be (-28)/112 + (70/(-8) - 0). Let k be (-2 + 10/4)*34. Let f = h + k. What is the greatest common divisor of 72 and f?
8
Suppose -1584 = -10*d - 12*d. Calculate the greatest common factor of 96 and d.
24
Suppose -y = -2*i, -y + 0*y + 3*i = 0. Suppose 5*c + 5*f = 5, 2*c = -y*f - 3*f. Calculate the highest common factor of c and 33.
3
Let z be 8/6*81/(4 - 1). Let l be (-1)/(-1) + -1 + 12. What is the highest common divisor of z and l?
12
Suppose 399 = -10*c + 749. Suppose -4*k - 30 = -7*k. What is the greatest common factor of k and c?
5
Suppose i + 2*i = 177. Suppose 6*z - i = 2*z + 3*j, -j = -5*z + 60. What is the highest common factor of z and 55?
11
Suppose -4*s - s + o + 456 = 0, -5*s + 2*o + 457 = 0. What is the greatest common divisor of s and 26?
13
Suppose -3*y + 59 = 2*k, 5*y - 2*k = -k + 107. Let x be 81 + 4 - 2/2. Calculate the greatest common divisor of y and x.
21
Suppose 2*x - 4*y = 172, 3*x - y - 226 = -3*y. Calculate the highest common factor of x and 6.
6
Let d be 2*(-20)/(-8) - -143. What is the greatest common divisor of d and 666?
74
Let i(p) = -p**3 + 7*p**2 - 32*p + 146. Let q be i(5). Calculate the greatest common divisor of 684 and q.
36
Suppose s = -3*a + 2*s + 2, 0 = -s + 1. Let r be (135/(-5) + a)/(-2). Let g = r + 2. Calculate the highest common factor of 6 and g.
3
Let z(x) = -x**3 - x**2 + 8*x + 4. Let p be z(-4). What is the highest common factor of 4 and p?
4
Suppose 0 = -8*r + 1379 - 147. Suppose 2*i = -3*b + 438, b + 4*i = r + 2. Calculate the greatest common factor of 24 and b.
24
Suppose -8*j + 416 = 5*j. Let o be 48*(3 - 9/(-3)). Calculate the highest common factor of o and j.
32
Suppose 0 = 5*r + f + 1495, -1167 = 4*r - 8*f + 3*f. Let x = -193 - r. Let o = 14 - -7. What is the highest common divisor of o and x?
21
Suppose 0 = -h - t - 9, -2*h - 25 = -3*t - 2*t. Let x be h/(-4)*12/30*5. Calculate the highest common factor of 5 and x.
5
Suppose -15*g + 16*g - 10 = 0. Let u be (g/(-1))/(1 - 0). Let b = 11 + u. Calculate the highest common factor of 7 and b.
1
Let g be 420/50 + 2/(-5). Suppose 4*b - s - 26 = s, -2*s = -b + g. Let n = 10 - b. What is the greatest common factor of n and 36?
4
Let i be 18/(-42) + 34/14. Suppose 5*h - 13*g = -15*g + 34